 + f. Suppose -t + 0 = -4. Calculate g(t).
5
Let m(j) = -2*j**2 + 12 + 6*j**3 - 4*j + 10*j**2 + j - 7*j**3. What is m(8)?
-12
Suppose 4*q - 3*o - o + 8 = 0, -5*o = 2*q - 17. Let f(r) = -15*r**2 + 20*r**2 + 0 + 1 - r. Determine f(q).
5
Let r be (-1)/(3 - 0)*-6. Let u be ((-42)/r - 0)*-1. Suppose -2*w + 5*c - u + 6 = 0, -3*w = -2*c + 17. Let n(p) = -p**3 - 4*p**2 + 5*p + 1. What is n(w)?
1
Suppose 5 = -k + 2*k - 5*o, -o - 15 = -3*k. Let z(d) = 4*d - k - 2*d + 0. Let y = -84 + 89. Calculate z(y).
5
Let b(s) = 8*s**3 + s**2. Let u(p) = p**2 - 9*p + 12. Let t be u(8). Let j be 12/16 + 1/t. Determine b(j).
9
Let p(d) = -d - 12 + 11 + 2*d. Let o(r) = 7*r - 4. Let l(w) = w - 6. Let n be l(0). Let a(u) = n*p(u) + o(u). What is a(-4)?
-2
Let f(y) = y**3 - 3*y**2 - 5*y + 3. Let l = -11 + 15. Calculate f(l).
-1
Let u = -16 - 2. Let j be (-20)/(-6) - 12/u. Let b be -1 + j/6*-3. Let m(x) = x**2 + 3*x - 3. Determine m(b).
-3
Let r(m) = 11*m**2 - 2*m + 1. Let x(b) = 3 - 6*b + 0*b + 0*b**2 + 21*b**2 + 12*b**2. Let p(u) = 11*r(u) - 4*x(u). Calculate p(1).
-10
Let c(h) = h**2 + 8*h + 6. Suppose 4*v = -v - 30. What is c(v)?
-6
Let m be 3/6*(-30)/3. Let v = 0 - m. Suppose -v*x - 12 = -3*x. Let j(g) = -2*g - 4. Calculate j(x).
8
Let p(i) = -i**2 + 12*i - 35. Let x be p(9). Let c(g) = g**3 + 7*g**2 - 11*g - 12. Determine c(x).
12
Let f be (3 - 1 - 2)/1. Let x(r) = r**2 + 2. Determine x(f).
2
Let j(a) = -4*a + 1. Suppose -2*v + 6 = 0, v - 3*v + 22 = 4*d. Let z = 0 + d. Suppose -z*g - 5*q = -26 + 2, -5*q + 17 = -3*g. Determine j(g).
-3
Let a(n) be the first derivative of -n**3/3 + 3*n**2 + 2*n + 7. What is a(5)?
7
Let p(j) = 3*j**2 - 4*j. Let m(o) = -4*o**2 + 5*o + 1. Let x(g) = 2*m(g) + 3*p(g). Let b(k) be the first derivative of x(k). Calculate b(4).
6
Let l(u) = 13*u - 4. Let v(q) = 4*q - 1. Suppose 0 = -5*z + 25, -5*z = o - 0*o - 32. Let r(f) = o*v(f) - 2*l(f). Calculate r(1).
3
Let i(p) = -2*p**2 + 1. Suppose 2 = 2*d - 24. Let g = d + -9. Suppose -g*j - 2 = 6. Determine i(j).
-7
Let p(n) be the second derivative of 0*n**3 + 0 - 1/2*n**2 + 1/4*n**4 - 2*n + 1/20*n**5. Let r(v) = -v**2 - 12*v - 13. Let u be r(-11). Give p(u).
3
Let p(o) = -6*o**2 - o + 1. Let u = -68 + 69. What is p(u)?
-6
Suppose 2 + 2 = -4*i. Let o be -1*2*(-3)/6. Let b(a) = -1 + o + 7*a. What is b(i)?
-7
Let b = -11/24 - -5/8. Let a(u) be the second derivative of 1/2*u**2 + b*u**3 + 0 - 2*u + 1/3*u**4. Give a(-1).
4
Let l be -1 - (3 + -33) - -4. Let n(w) = -3*w + 32*w**3 - l*w**3 + 9 + 7*w**2 + w. Give n(7).
-5
Let q(c) = c - 1. Let u(f) = -f**3 + 5*f + 1. Suppose 4*d + 7 = -1. Let b(t) = d*q(t) + u(t). Let m = -9 - -7. Calculate b(m).
5
Let m(s) = -3*s**2 + 2*s + 1. Let p = -23 + 25. What is m(p)?
-7
Suppose 0*f - 3 = f. Let t = f + 8. Let x(j) = -j + 2 - 1 + 3. Give x(t).
-1
Let x(t) = -38*t - 9. Let a(d) = 19*d + 4. Let u(h) = -7*a(h) - 3*x(h). Determine u(-1).
18
Let r(w) = -1 + 4*w**2 + 47*w**3 - 46*w**3 + w - 5*w + 4. Calculate r(-5).
-2
Let q(n) = n**2 + 9*n + 4. Let k be q(-8). Let c be 3/9*(k + 1). Let d = -4 + c. Let u(x) = -x - 8. What is u(d)?
-3
Suppose 26*p - 90 = 8*p. Let v(u) = -2*u**2 + 6*u + 4. Determine v(p).
-16
Let u be 4/12 - (-104)/(-6). Let w = 11 + u. Let t(s) = -s**2 - 8*s - 6. Give t(w).
6
Let w(g) = g + 4. Let b(k) = -3*k + 6. Let n be b(4). Calculate w(n).
-2
Let m(c) be the third derivative of -c**5/30 + c**4/6 - c**3/3 - 3*c**2. Let z be 60/14 + 4/(-14). Suppose -v + 1 = -2*w - 6, z*w = -v - 5. Give m(v).
-8
Let y(f) = 5*f - 5. Let v(q) = -q. Let x(c) = -6*v(c) - y(c). Determine x(-8).
-3
Let k(u) = -u**3 + u**2 + 2. Let h(b) = b - 5. Let s(a) = a - 5. Let w(x) = 2*h(x) - 3*s(x). Let m be w(0). Suppose -g + m*g = 0. What is k(g)?
2
Let h(s) = 2*s - 2*s + 8 + s. Suppose -2*p - 3*l = 19, 56 = -5*p + 3*l + 19. Give h(p).
0
Let s(f) = 8*f + 4. Suppose 2*y - 37 = -3*b, -2*b + 4*y + 0*y + 14 = 0. Let o(u) = -3*u - 1. Let c(h) = b*o(h) + 4*s(h). Give c(4).
1
Let k(m) = 5*m**2 - 28*m - 8. Let g(w) = w**2 - 3*w - 6. Let p(h) = h - 1. Let t(u) = -g(u) + 4*p(u). Let y(q) = 2*k(q) + 9*t(q). Calculate y(-6).
-4
Suppose -h = -5*h - 16, 2*h + 43 = -5*y. Let s(m) = m + 3. Determine s(y).
-4
Let p(v) be the first derivative of v**4/4 + 5*v**3/3 - 4*v**2 - 9*v - 4. What is p(-6)?
3
Let b be 12/(-42) + (-116)/(-14). Let u(d) = -d + 11. Let s be u(b). Let m be (3/s + -2)*-5. Let w(c) = c - 2. What is w(m)?
3
Let w(u) = u**2 - 7*u - 1. Let t = -11 + 23. Let m = t - 7. Give w(m).
-11
Let f(y) = y**3 - 5*y**2 - 6*y + 4. Let p = -7 - -13. Give f(p).
4
Let q(s) = -s**2 + 4*s - 2. Let a be q(4). Let h(c) = -c**2 + 3*c + 2. Give h(a).
-8
Suppose -10 + 2 = -2*m. Suppose 0 = -6*g + 2 + m. Let s(k) = 2*k + 6*k**2 - k + k**2. Calculate s(g).
8
Let j(i) = -12*i - 3*i - 6 + 1 + 0. Let c(v) = 10*v + 9. Let q(p) = -15*p - 14. Let z(o) = 8*c(o) + 5*q(o). Let r(m) = 3*j(m) + 8*z(m). Determine r(2).
-9
Let o(m) = -m**3 + 5*m**2 + m + 2. Suppose 4*s = -5*l + 37, l = -2*l - 5*s + 30. Give o(l).
7
Let m(j) = 25*j**2 + 2*j + 1. Let u(q) = -q**2 - 4*q + 4. Let d be u(1). What is m(d)?
24
Let c(d) = -2*d - 12. Suppose -2*m + 3*m + 8 = 0. Give c(m).
4
Let q(v) = v**3 + 12*v**2 + 10*v + 5. Let s be q(-11). Let o = s + -21. Let a(z) = -2*z - 7. Calculate a(o).
3
Suppose -19 = -3*i - 3*j + 2, 2*i = -5*j + 29. Let x(f) = -2*f. What is x(i)?
-4
Let v = 11 - 6. Suppose -v*t = 1 + 19. Let q(d) = -10*d - 2 + 4*d**2 + 1 + 8*d + d**3. What is q(t)?
7
Suppose 0 = -4*t - 3*n + 5 + 48, -n + 25 = 2*t. Let l = t + -5. Let c(r) be the first derivative of r**3/3 - 2*r**2 - 7*r + 2. Determine c(l).
5
Let p(w) = w**3 - 5*w**2 + 3*w - 2. Let u(k) = k**2 + 7*k - 10. Let h be u(-9). Let y be h/((0 - -1)*2). Give p(y).
-6
Let q(n) = n**3 - 17*n**2 + 17*n - 19. Let k be q(16). Let o(f) = -f - 1. Calculate o(k).
2
Let c = 3 - 1. Let u be 1*5 + (c - 3). Suppose 3*j + u = j. Let m(f) = f**3 + 4*f**2 + 3*f + 1. Calculate m(j).
3
Let u(w) = -w**2 + 11*w - 1. Let j(r) = -2*r**2 + 21*r - 3. Let k(q) = -4*j(q) + 7*u(q). Determine k(6).
-1
Let v(a) = -a - 2. Suppose 0 = 4*h + p + 22, 3*h - 5*p + 34 = -h. Calculate v(h).
4
Let y(z) = -4*z - 7. Let m(u) = -7*u - 14. Let q(l) = -3*m(l) + 5*y(l). Suppose 48*k - 14 = 4*t + 46*k, 3*k = 5*t + 15. Calculate q(t).
1
Let v(k) = 3 + 0 + 11*k**2 - 4*k - 10*k**2. Let t = 11 - 3. Let n = t - 6. Determine v(n).
-1
Let k be ((-24)/15)/((-2)/(-15)). Let a = -15 + 17. Let y be a/(-8) + (-3)/k. Let q(u) = -u + 6. What is q(y)?
6
Let y(v) = -21*v + v**2 + v + 10 + 11*v. Calculate y(8).
2
Let l(w) = 5*w**3 + 11*w**2 + w - 7. Let h(c) = -4*c**3 - 10*c**2 - c + 7. Let o(x) = -6*h(x) - 5*l(x). What is o(5)?
-2
Let z(w) = 27*w + 3 - 25*w - 4. Let y(i) = i + 8. Let d be y(-6). Let r = 0 - d. Determine z(r).
-5
Let o(i) be the second derivative of -i**4/12 + i**3/6 + i**2 - 2*i. Let p = 6 - 6. Calculate o(p).
2
Let g(a) = 3*a - 2*a**2 + 4*a**2 - 19 + 15 + 0*a**2. Let y(d) = -d - 3. Suppose -o = -3*q + 12, 0*o + 2*q = -o + 8. Let s be y(o). Give g(s).
5
Let q(v) = -10*v + 17. Let z(g) = 3*g - 6. Let k(j) = 2*q(j) + 7*z(j). What is k(0)?
-8
Suppose 0 = 5*t - 8 + 3. Let r = t - 3. Let l(h) = -h + 2. Determine l(r).
4
Let h = 11 + -9. Let q(w) = 5*w**2 + 3*w**h - 2*w**2 - 2*w**2. Calculate q(-1).
4
Suppose 0 = -b + 3*b - 2. Suppose p + b - 5 = 0. Let t(g) = -g**3 + 3*g**2 + 5*g - 5. Determine t(p).
-1
Let u(t) = t - 1. Let g be u(4). Suppose -10 = -5*d - 5*n, g*n + 2 = -2*d - n. Let j(l) = -l**3 + 5*l**2 - 2*l + 2. Determine j(d).
-8
Let k be (-26)/(-10) - (-4)/10. Suppose 9 = -k*v + 27. Let j(i) = 0*i + v + i + 6. What is j(-5)?
7
Let s = -78 + 73. Let b(t) = -t**2 - 6*t + 2. Determine b(s).
7
Let v(q) be the first derivative of -q**3/3 + 5*q**2/2 + 10*q + 30. Give v(7).
-4
Suppose r - 2*f - 6 = 0, -r - 4*f = 10 - 4. Suppose -5*a + 10 = r*x, 5*a - 6 - 4 = 0. Let h(u) = 3*u + x - 3 - u**3 + 4*u**2 + 5. Determine h(5).
-8
Let b(d) = -11*d + 2. Let t(g) = -g. Let r(i) = b(i) - 6*t(i). Let l(z) = -z**2 + 9*z - 2. Let y be l(9). Determine r(y).
12
Let d(b) be the second derivative of -b**6/360 - b**5/20 - b**4/24 - b**3/3 - 3*b. Let p(a) be the second derivative of d(a). Calculate p(-4).
7
Let a = 1 - 1. Let c(v) = v**3 + v**2 + 3. Calculate c(a).
3
Let h(v) = 3*v + 1. Let x(q) = -q**2 + 2*q + 4. Let g be x(3). Let z = g 